{"id":687,"date":"2015-05-28T01:11:40","date_gmt":"2015-05-28T01:11:40","guid":{"rendered":"http:\/\/www.balneariolaconcordia.com\/?page_id=687"},"modified":"2015-05-28T01:11:40","modified_gmt":"2015-05-28T01:11:40","slug":"alquilar-zaratina-apart","status":"publish","type":"page","link":"https:\/\/balneariolaconcordia.com\/?page_id=687","title":{"rendered":"Alquilar Zaratina Apart"},"content":{"rendered":"\n<p><strong>Zaratina Apart, un complejo de 3 apartamentos con 5 plazas por cada apartamento, muy interesante nueva opci\u00f3n para alquilar en el Balneario La Concordia.<\/strong><\/p>\n\n\n\n<figure class=\"wp-block-image size-large\"><img decoding=\"async\" src=\"https:\/\/balneariolaconcordia.com\/wp-content\/uploads\/2023\/05\/imagen-1024x426.jpg\" alt=\"\" class=\"wp-image-883\"\/><\/figure>\n\n\n\n<p>Zaratina Apart se encuentra ubicado estrat\u00e9gicamente a orillas del R\u00edo Uruguay en el Balneario La Concordia, Soriano-Uruguay. Sobre uno de los tramos m\u00e1s anchos del curso, este balneario, como lo indica su nombre, ofrece una arm\u00f3nica experiencia entre naturaleza y diversi\u00f3n.<\/p>\n\n\n\n<p>Con hermosas playas y un entorno inigualable, comenz\u00f3 siendo, all\u00e1 por 1951, una zona de esparcimiento para lo dolore\u00f1os, denomin\u00e1ndose en un principio Puerto Aldao.<\/p>\n\n\n\n<p>Zaratina Apart, cuenta con 3 apartamentos totalmente equipados, frente al R\u00edo Uruguay, con una vista inigualable. Su cercan\u00eda a ciudades tales como Carmelo, Palmira, Dolores y Mercedes lo convertir\u00e1, a partir de Enero 2015, en una nueva opci\u00f3n de hospedaje para la regi\u00f3n.<\/p>\n\n\n\n<p>CONTACTO: 99154417<\/p>\n\n\n\n<p>Fuente: Intendencia de Soriano<\/p>\n","protected":false},"excerpt":{"rendered":"<p>Zaratina Apart, un complejo de 3 apartamentos con 5 plazas por cada apartamento, muy interesante nueva opci\u00f3n para alquilar en el Balneario La Concordia. Zaratina Apart se encuentra ubicado estrat\u00e9gicamente a orillas del R\u00edo Uruguay en el Balneario La Concordia, Soriano-Uruguay. Sobre uno de los tramos m\u00e1s anchos del curso, este balneario, como lo indica [&hellip;]<\/p>\n","protected":false},"author":1,"featured_media":0,"parent":670,"menu_order":0,"comment_status":"open","ping_status":"open","template":"","meta":{"footnotes":""},"class_list":["post-687","page","type-page","status-publish","hentry"],"_links":{"self":[{"href":"https:\/\/balneariolaconcordia.com\/index.php?rest_route=\/wp\/v2\/pages\/687","targetHints":{"allow":["GET"]}}],"collection":[{"href":"https:\/\/balneariolaconcordia.com\/index.php?rest_route=\/wp\/v2\/pages"}],"about":[{"href":"https:\/\/balneariolaconcordia.com\/index.php?rest_route=\/wp\/v2\/types\/page"}],"author":[{"embeddable":true,"href":"https:\/\/balneariolaconcordia.com\/index.php?rest_route=\/wp\/v2\/users\/1"}],"replies":[{"embeddable":true,"href":"https:\/\/balneariolaconcordia.com\/index.php?rest_route=%2Fwp%2Fv2%2Fcomments&post=687"}],"version-history":[{"count":0,"href":"https:\/\/balneariolaconcordia.com\/index.php?rest_route=\/wp\/v2\/pages\/687\/revisions"}],"up":[{"embeddable":true,"href":"https:\/\/balneariolaconcordia.com\/index.php?rest_route=\/wp\/v2\/pages\/670"}],"wp:attachment":[{"href":"https:\/\/balneariolaconcordia.com\/index.php?rest_route=%2Fwp%2Fv2%2Fmedia&parent=687"}],"curies":[{"name":"wp","href":"https:\/\/api.w.org\/{rel}","templated":true}]}}