{"id":695,"date":"2015-05-28T01:50:19","date_gmt":"2015-05-28T01:50:19","guid":{"rendered":"http:\/\/www.balneariolaconcordia.com\/?page_id=695"},"modified":"2015-05-28T01:50:19","modified_gmt":"2015-05-28T01:50:19","slug":"nosotros","status":"publish","type":"page","link":"https:\/\/balneariolaconcordia.com\/?page_id=695","title":{"rendered":"Nosotros"},"content":{"rendered":"<p style=\"text-align: justify;\">Soy <strong>Neville C. Charbonnier Toral<\/strong>, desarrollador de <a href=\"http:\/\/www.balneariolaconcordia.com\" target=\"_self\" rel=\"noopener\">BalnearioLaConcordia.com<\/a>, y tengo el placer de saludarles en su visita a nuestra web\u2026<\/p>\n<p style=\"text-align: justify;\">Hace muchos a\u00f1os que ten\u00eda pensado realizar un sitio web sobre el Balneario La Concordia, ya que nac\u00ed y crec\u00ed en un campo cerca; y fui a la Escuela Nro. 84 hasta el pen\u00faltimo grado (5to.), porque luego nos trasladamos -mi familia y yo- a la Ciudad de Dolores.<\/p>\n<p style=\"text-align: justify;\">Pero, no ha sido hasta este principio de a\u00f1o 2009, en el que junto a mi ex-cu\u00f1ado Daniel Vico, alquilamos una casa en el balneario para pasar 10 d\u00edas de vacaciones -creo que son mis primeras vacaciones reales de toda mi vida, y fueron unos d\u00edas m\u00e1s-; y estando all\u00ed, pude sacar casi 300 fotos con mi c\u00e1mara digital\u2026 con lo que finalmente, tendr\u00eda material para iniciar el sitio web.<\/p>\n<p style=\"text-align: justify;\">Estando de vacaciones, y recorriendo pr\u00e1cticamente casi todos los lugares, se me ocurri\u00f3 la idea de crear un mapa o plano del balneario, para ubicar a los visitantes, y mostrar los diferentes servicios que se tienen y en d\u00f3nde se encuentran; pero, finalmente deriv\u00f3 en un \u201ccrokis o aproximaci\u00f3n\u201d del plano ya que no tengo acceso a un plano sobre el mismo y tuve que crearlo con la ayuda de CorelDraw X4, a ojo y sin ninguna medida (y tan mal no me sali\u00f3!!).<\/p>\n<p style=\"text-align: justify;\">Seguidamente, se me ocurri\u00f3,\u00a0 desarrollar en programaci\u00f3n un visor para las im\u00e1genes que sea atractivo, y f\u00e1cil de usar. Fu\u00e9 un trabajo tremendo crear el mapa (crokis del plano), junto con cada una de las indicaciones de los lugares m\u00e1s relevantes existentes, y luego incluir cada una de las fotograf\u00edas previamente editadas.<\/p>\n<p style=\"text-align: justify;\">Luego, para incorporar m\u00e1s informaci\u00f3n he cre\u00eddo conveniente crear un Blog, y en principio cada verano va a ir variando su contenido.<\/p>\n","protected":false},"excerpt":{"rendered":"<p>Soy Neville C. Charbonnier Toral, desarrollador de BalnearioLaConcordia.com, y tengo el placer de saludarles en su visita a nuestra web\u2026 Hace muchos a\u00f1os que ten\u00eda pensado realizar un sitio web sobre el Balneario La Concordia, ya que nac\u00ed y crec\u00ed en un campo cerca; y fui a la Escuela Nro. 84 hasta el pen\u00faltimo grado [&hellip;]<\/p>\n","protected":false},"author":1,"featured_media":0,"parent":0,"menu_order":0,"comment_status":"open","ping_status":"open","template":"","meta":{"footnotes":""},"class_list":["post-695","page","type-page","status-publish","hentry"],"_links":{"self":[{"href":"https:\/\/balneariolaconcordia.com\/index.php?rest_route=\/wp\/v2\/pages\/695","targetHints":{"allow":["GET"]}}],"collection":[{"href":"https:\/\/balneariolaconcordia.com\/index.php?rest_route=\/wp\/v2\/pages"}],"about":[{"href":"https:\/\/balneariolaconcordia.com\/index.php?rest_route=\/wp\/v2\/types\/page"}],"author":[{"embeddable":true,"href":"https:\/\/balneariolaconcordia.com\/index.php?rest_route=\/wp\/v2\/users\/1"}],"replies":[{"embeddable":true,"href":"https:\/\/balneariolaconcordia.com\/index.php?rest_route=%2Fwp%2Fv2%2Fcomments&post=695"}],"version-history":[{"count":0,"href":"https:\/\/balneariolaconcordia.com\/index.php?rest_route=\/wp\/v2\/pages\/695\/revisions"}],"wp:attachment":[{"href":"https:\/\/balneariolaconcordia.com\/index.php?rest_route=%2Fwp%2Fv2%2Fmedia&parent=695"}],"curies":[{"name":"wp","href":"https:\/\/api.w.org\/{rel}","templated":true}]}}